a multiple of 429?
True
Is 39704933 a multiple of 32?
False
Is 143198739 a multiple of 34?
False
Does 12259 divide 3111307181?
False
Is 35 a factor of 29167705?
True
Is 56 a factor of 770578424?
True
Is 12782890 a multiple of 10?
True
Is 2 a factor of 5624255?
False
Is 1288 a factor of 27294008?
True
Does 175 divide 948168994?
False
Is 362281771 a multiple of 3761?
False
Does 281 divide 11860167?
True
Is 8870225 a multiple of 7?
True
Is 58234520 a multiple of 2773?
False
Is 23697757 a multiple of 219?
False
Is 4 a factor of 6197643?
False
Is 26 a factor of 247972599?
False
Is 277 a factor of 151326485?
True
Is 57 a factor of 3051894?
True
Does 13 divide 1016210?
True
Is 2417 a factor of 68541286?
True
Is 38 a factor of 26277988?
True
Is 2109 a factor of 1306451685?
True
Is 2871361816 a multiple of 1875?
False
Does 8 divide 2860441959?
False
Is 2168672 a multiple of 808?
True
Is 3999819493 a multiple of 4626?
False
Is 2092252 a multiple of 62?
True
Does 877 divide 27417651?
True
Is 35041572 a multiple of 46?
False
Is 2461 a factor of 29084707?
False
Is 2867 a factor of 1630961758?
True
Is 3250 a factor of 359307768?
False
Is 901 a factor of 107751317?
False
Does 1473 divide 38454138?
True
Is 237043000 a multiple of 159?
False
Is 183062790 a multiple of 18?
True
Is 20740989 a multiple of 354?
False
Is 20220503 a multiple of 19?
True
Is 710 a factor of 132402220?
True
Is 1906532 a multiple of 21?
False
Does 190 divide 21223949?
False
Is 2010041538 a multiple of 9745?
False
Does 132 divide 524282484?
True
Is 419 a factor of 48822629?
False
Is 11059022 a multiple of 26?
True
Is 671 a factor of 831594?
False
Does 285 divide 273277511?
False
Does 5 divide 125477120?
True
Does 284 divide 569585027?
False
Is 236588954 a multiple of 14?
True
Is 11030901 a multiple of 318?
False
Is 9 a factor of 238264137?
True
Does 7126 divide 78034454?
False
Is 12 a factor of 306576744?
True
Is 46 a factor of 168512812?
True
Does 4 divide 150308508?
True
Does 130 divide 88214490?
True
Does 84 divide 29057280?
True
Is 288477760 a multiple of 170?
True
Is 4014 a factor of 236332278?
True
Is 20 a factor of 99790614?
False
Does 91 divide 27427491?
True
Is 322 a factor of 28658966?
True
Is 304172712 a multiple of 3096?
True
Is 5067 a factor of 185751153?
True
Is 2 a factor of 12863515?
False
Is 6 a factor of 88956312?
True
Is 99 a factor of 340749158?
False
Does 83 divide 982072932?
True
Is 453400146 a multiple of 54?
True
Is 100 a factor of 41154700?
True
Is 13612203 a multiple of 359?
True
Is 140 a factor of 62519031?
False
Is 23821798 a multiple of 286?
True
Is 10612032 a multiple of 38?
True
Is 62 a factor of 209287709?
False
Does 917 divide 308246799?
True
Is 6129740 a multiple of 47?
True
Is 112395780 a multiple of 1260?
True
Does 39 divide 176816055?
True
Does 165 divide 41992065?
False
Is 30 a factor of 774275526?
False
Is 10087363 a multiple of 254?
False
Does 326 divide 16694786?
True
Is 57258636 a multiple of 12?
True
Does 748 divide 1529377517?
False
Is 443 a factor of 21683078?
True
Does 530 divide 253747570?
True
Is 16924418 a multiple of 658?
True
Is 3825 a factor of 320619150?
True
Does 2897 divide 753730063?
False
Is 35 a factor of 30227450?
False
Is 13340106 a multiple of 54?
True
Does 2 divide 5583333?
False
Does 16 divide 315990746?
False
Does 1897 divide 381634666?
True
Is 12898632 a multiple of 110?
False
Does 9 divide 332220937?
False
Does 17 divide 554515095?
True
Does 2877 divide 137606910?
True
Does 185 divide 34591220?
False
Does 48 divide 14912784?
True
Is 7977 a factor of 760766490?
True
Is 148945179 a multiple of 3284?
False
Is 233199576 a multiple of 69?
True
Is 27 a factor of 52897661?
False
Is 32770518 a multiple of 233?
True
Is 260 a factor of 14483560?
True
Is 84604233 a multiple of 147?
True
Does 389 divide 443684842?
True
Is 726500797 a multiple of 1680?
False
Is 3 a factor of 2595345?
True
Does 290 divide 28601467?
False
Is 641060166 a multiple of 610?
False
Does 69 divide 540408138?
True
Does 6 divide 16290921?
False
Does 5858 divide 478716369?
False
Does 19 divide 243890407?
False
Is 1853 a factor of 3323301763?
True
Is 1838 a factor of 2682937790?
True
Is 94 a factor of 1548044076?
True
Does 362 divide 15430250?
True
Is 295237738 a multiple of 1457?
True
Is 1129983 even?
False
Is 145147285 a multiple of 100?
False
Does 152 divide 2602663084?
False
Is 51 a factor of 30857958?
True
Does 30 divide 1029950821?
False
Is 16 a factor of 111054626?
False
Is 112 a factor of 732627168?
True
Is 663 a factor of 24178284?
True
Is 2607073 a multiple of 2?
False
Is 37 a factor of 725376083?
True
Is 65765079 a multiple of 77?
False
Is 98455640 a multiple of 2060?
True
Is 7 a factor of 52080568?
False
Is 2301120510 a multiple of 1347?
True
Does 272 divide 3469862?
False
Does 31 divide 2173140826?
False
Is 16 a factor of 24868735?
False
Is 153719750 a multiple of 50?
True
Is 77 a factor of 946197560?
True
Is 6099 a factor of 431345676?
True
Is 2457541948 a multiple of 958?
False
Is 4019 a factor of 878810616?
True
Is 1804163606 a multiple of 1414?
True
Does 340 divide 954624120?
True
Is 297314101 a multiple of 712?
False
Does 217 divide 1759735576?
False
Does 6 divide 98908704?
True
Is 5488383 a multiple of 41?
True
Is 17086757 a multiple of 162?
False
Does 15 divide 113940800?
False
Is 440 a factor of 461765480?
True
Does 48 divide 748992?
True
Is 2 a factor of 22484278?
True
Is 54226719 a multiple of 7?
False
Does 1405 divide 111059630?
True
Is 60 a factor of 82012655?
False
Does 212 divide 7457180?
False
Does 2 divide 2978111?
False
Is 4295 a factor of 401406405?
True
Is 6336759 a multiple of 3?
True
Is 118098327 a multiple of 123?
True
Is 43488431 a multiple of 2023?
True
Is 820657995 a multiple of 609?
False
Is 863333412 a multiple of 4?
True
Is 4416 a factor of 250503738?
False
Is 99644021 a multiple of 173?
True
Does 144 divide 74859244?
False
Does 11 divide 401064700?
False
Is 2 a factor of 56192837?
False
Does 75 divide 15517623?
False
Does 28 divide 101153052?
True
Is 28 a factor of 116030901?
False
Is 381846514 a multiple of 62?
False
Is 26827164 a multiple of 1596?
True
Does 90 divide 628342490?
False
Is 22300441 a multiple of 98?
False
Is 30 a factor of 9100080?
True
Is 68901198 a multiple of 2746?
False
Is 1822837540 a multiple of 122?
False
Is 68 a factor of 47536624?
True
Is 80 a factor of 822968800?
True
Is 19251835 a multiple of 234?
False
Does 3993 divide 436275180?
True
Is 37663549 a multiple of 3?
False
Is 1047 a factor of 18396837?
True
Is 5897 a factor of 203691174?
False
Is 15456223 a multiple of 3?
False
Is 75011240 a multiple of 101?
False
Does 168 divide 42537?
False
Is 117082978 a multiple of 17?
True
Does 1351 divide 118852874?
True
Does 827 divide 501062826?
False
Does 39 divide 4188792?
False
Is 17039969 even?
False
Is 592 a factor of 1941502766?
False
Is 99453413 a multiple of 1027?
False
Is 4055406 a multiple of 131?
False
Does 217 divide 107743032?
False
Does 164 divide 142229820?
True
Is 1851811122 a multiple of 51?
True
Is 13 a factor of 842741182?
False
Is 405087930 a multiple of 1170?
True
Does 58 divide 3926002858?
False
Is 279972747 a multiple of 62?
False
Is 2765280 a multiple of 57?
False
Is 161 a factor of 678897785?
False
Does 13 divide 1733364529?
True
Does 19 divide 45555848?
False
Is 4664 a factor of 478638336?
True
Does 11 divide 433036560?
True
Does 8716 divide 922196380?
True
Is 98 a factor of 679805812?
True
Is 136 a factor of 1532659?
False
Is 12 a factor of 53988593?
False
Is 56398986 a multiple of 9?
True
Is 3155891 a multiple of 1031?
True
Is 49 a factor of 233537862?
False
Does 28 divide 37640686?
False
Is 113 a factor of 1542859173?
True
Is 3407058 even?
True
Does 4007 divide 602925424?
False
Is 5 a factor of 10820045?
True
Does 15 divide 77334638?
False
Is 254470216 a multiple of 154?
True
Does 3 divide 191942021?
False
Is 3 a factor of 1000599?
True
Does 50 divide 558450?
True
Does 651 divide 57715707?
True
Is 5379161 a multiple of 83?
False
Is 209 a factor of 54723833?
False
Is 10809992 a multiple of 6?
False
Is 368129922 a multiple of 460?
False
Does 22 divide 10744415?
False
Is 741912 even?
True
Is 201 a factor of 4904381?
False
Is 2576028 a multiple of 78?
True
Is 13455451 a multiple 